{"id":137,"date":"2014-06-04T16:38:56","date_gmt":"2014-06-04T16:38:56","guid":{"rendered":"http:\/\/www.psychologiepraktijkhonnef.nl\/site\/?page_id=137"},"modified":"2024-04-29T14:11:13","modified_gmt":"2024-04-29T13:11:13","slug":"vergoeding","status":"publish","type":"page","link":"https:\/\/www.psychologiepraktijkhonnef.nl\/site\/aanmelden\/vergoeding\/","title":{"rendered":"Kosten"},"content":{"rendered":"<p style=\"text-align: left;\"><strong>VERZEKERDE ZORG<\/strong><br \/>\nOm in aanmerking te komen voor vergoeding van uw behandeling door uw zorgverzekeraar is een verwijsbrief van uw huisarts noodzakelijk. Voor iedereen die ouder is dan 18 jaar is het <a href=\"https:\/\/www.rijksoverheid.nl\/onderwerpen\/zorgverzekering\/vraag-en-antwoord\/eigen-risico-zorgverzekering\" target=\"_blank\" rel=\"noopener\">eigen risico<\/a> van toepassing. Psychologische en psychiatrische hulp vallen onder het verplichte eigen risico (2023: minimaal \u20ac 385,- \/ maximaal \u20ac 885,-). De hoogte van uw eigen risico is afhankelijk van de polis die u heeft afgesloten bij uw zorgverzekeraar. Voor psychologische hulp wordt geen eigen bijdrage van u gevraagd.<\/p>\n<p style=\"text-align: left;\">Houdt u er rekening mee dat er naast de behandeling ook andere \u2013 voor u niet zichtbare \u2013 verrichtingen zoals telefonische contacten, verslaglegging en overleg meegerekend worden in de totale kosten van uw behandeling.<\/p>\n<p style=\"text-align: left;\">Wij declareren de kosten van uw behandeling direct bij uw zorgverzekeraar wanneer wij een contract met uw zorgverzekeraar hebben. Heeft u een verzekeraar waar wij geen contract mee hebben, dan verzenden wij de factuur aan u en kunt u deze zelf declareren bij uw verzekeraar. U blijft in dit geval zelf verantwoordelijk voor de betaling van het door ons in rekening gebrachte bedrag. Wij adviseren u hierom uw polisvoorwaarden zorgvuldig na te lezen.<\/p>\n<p style=\"text-align: left;\">Op de website van <a href=\"http:\/\/www.zorgwijzer.nl\/pdf\/faq\/welke-verschillende-zorgverzekeraars-zijn-er.pdf\" target=\"_blank\" rel=\"noopener noreferrer\">Zorgwijzer.nl<\/a> kunt u een overzicht vinden van de zorgverzekeraars. U kunt hier inzien onder welk label uw verzekeraar valt. Let wel: de &#8220;kleine&#8221; verzekeraars (bijvoorbeeld ENO, ONVZ of Zorg en Zekerheid) vallen w\u00e9l onder \u00e9\u00e9n van de &#8220;grote&#8221; labels waarmee Psychologiepraktijk Honnef w\u00e9l gecontracteerd is. Het is goed dit even na te gaan bij uw verzekeraar.<\/p>\n<p style=\"text-align: left;\">Op de website van de NZA kunt u informatie vinden over de tarieven zoals die voor 2024 door de NZA zijn vastgesteld. Om u een indruk te geven van de kosten van een consult volgen hier een aantal bij mij veel voorkomende prestaties:<\/p>\n<ul>\n<li style=\"text-align: left;\">Behandeling vanaf 45 minuten \u20ac 156,72<\/li>\n<li style=\"text-align: left;\">Behandeling vanaf 60 minuten \u20ac 186,80<\/li>\n<li style=\"text-align: left;\">Diagnostiek vanaf 45 minuten \u20ac 183,07<\/li>\n<li style=\"text-align: left;\">Diagnostiek vanaf 60 minuten \u20ac 211,06<\/li>\n<li>Behandeling vanaf 75 minuten 230,38<\/li>\n<li>Behandeling vanaf 90 minuten 281,27<\/li>\n<\/ul>\n<p style=\"text-align: left;\">Wanneer wij een contract met uw zorgverzekeraar hebben afgesloten dan brengen wij een met de zorgverzekeraar afgesproken percentage van dit bedrag bij uw zorgverzekeraar in rekening.<\/p>\n<p style=\"text-align: left;\"><strong>NO-SHOW TARIEF<\/strong><br \/>\nBij afzegging binnen 24 uur of bij het niet verschijnen op een afspraak wordt een deel van de kosten van een consult bij u in rekening gebracht, ongeacht de reden of oorzaak van de afwezigheid. Deze kosten (\u20ac 50,-) zijn ten laste van u en kunnen niet aan de verzekeraar worden gedeclareerd.<\/p>\n<p style=\"text-align: left;\"><strong>ONVERZEKERDE ZORG<\/strong><br \/>\nEr zijn problemen die wellicht een psychisch karakter hebben, maar die niet worden vergoed vanuit de basis- of specialistische GGZ. U kunt hierbij denken aan: levensfaseproblemen, stress, burn-out en overspannenheid, seksuologische zorg (er gelden bepaalde uitzonderingen die wel via de GGZ worden vergoed) of relatieproblematiek. U dient in dit geval zelf de kosten van de behandeling (\u20ac 95,- per gesprek) op u nemen.<\/p>\n<p style=\"text-align: left;\"><strong>ZELF BETALEN OF DOOR WERKGEVER<\/strong><br \/>\nUiteraard kunt u (of uw werkgever) ook zelf de kosten van de behandeling (\u20ac 95,- per gesprek) op u nemen.<\/p>\n","protected":false},"excerpt":{"rendered":"<p>VERZEKERDE ZORG Om in aanmerking te komen voor vergoeding van uw behandeling door uw zorgverzekeraar is een verwijsbrief van uw huisarts noodzakelijk. Voor iedereen die ouder is dan 18 jaar is het eigen risico van toepassing. Psychologische en psychiatrische hulp vallen onder het verplichte eigen risico (2023: minimaal \u20ac 385,- \/ maximaal \u20ac 885,-). De [&hellip;]<\/p>\n","protected":false},"author":1,"featured_media":0,"parent":1841,"menu_order":2,"comment_status":"closed","ping_status":"closed","template":"","meta":{"footnotes":""},"yoast_head":"<!-- This site is optimized with the Yoast SEO plugin v23.5 - https:\/\/yoast.com\/wordpress\/plugins\/seo\/ -->\n<title>Kosten -<\/title>\n<meta name=\"robots\" content=\"index, follow, max-snippet:-1, max-image-preview:large, max-video-preview:-1\" \/>\n<link rel=\"canonical\" href=\"https:\/\/www.psychologiepraktijkhonnef.nl\/site\/aanmelden\/vergoeding\/\" \/>\n<meta property=\"og:locale\" content=\"nl_NL\" \/>\n<meta property=\"og:type\" content=\"article\" \/>\n<meta property=\"og:title\" content=\"Kosten -\" \/>\n<meta property=\"og:description\" content=\"VERZEKERDE ZORG Om in aanmerking te komen voor vergoeding van uw behandeling door uw zorgverzekeraar is een verwijsbrief van uw huisarts noodzakelijk. Voor iedereen die ouder is dan 18 jaar is het eigen risico van toepassing. Psychologische en psychiatrische hulp vallen onder het verplichte eigen risico (2023: minimaal \u20ac 385,- \/ maximaal \u20ac 885,-). De [&hellip;]\" \/>\n<meta property=\"og:url\" content=\"https:\/\/www.psychologiepraktijkhonnef.nl\/site\/aanmelden\/vergoeding\/\" \/>\n<meta property=\"article:modified_time\" content=\"2024-04-29T13:11:13+00:00\" \/>\n<meta name=\"twitter:card\" content=\"summary_large_image\" \/>\n<meta name=\"twitter:label1\" content=\"Geschatte leestijd\" \/>\n\t<meta name=\"twitter:data1\" content=\"3 minuten\" \/>\n<script type=\"application\/ld+json\" class=\"yoast-schema-graph\">{\"@context\":\"https:\/\/schema.org\",\"@graph\":[{\"@type\":\"WebPage\",\"@id\":\"https:\/\/www.psychologiepraktijkhonnef.nl\/site\/aanmelden\/vergoeding\/\",\"url\":\"https:\/\/www.psychologiepraktijkhonnef.nl\/site\/aanmelden\/vergoeding\/\",\"name\":\"Kosten -\",\"isPartOf\":{\"@id\":\"https:\/\/www.psychologiepraktijkhonnef.nl\/site\/#website\"},\"datePublished\":\"2014-06-04T16:38:56+00:00\",\"dateModified\":\"2024-04-29T13:11:13+00:00\",\"breadcrumb\":{\"@id\":\"https:\/\/www.psychologiepraktijkhonnef.nl\/site\/aanmelden\/vergoeding\/#breadcrumb\"},\"inLanguage\":\"nl-NL\",\"potentialAction\":[{\"@type\":\"ReadAction\",\"target\":[\"https:\/\/www.psychologiepraktijkhonnef.nl\/site\/aanmelden\/vergoeding\/\"]}]},{\"@type\":\"BreadcrumbList\",\"@id\":\"https:\/\/www.psychologiepraktijkhonnef.nl\/site\/aanmelden\/vergoeding\/#breadcrumb\",\"itemListElement\":[{\"@type\":\"ListItem\",\"position\":1,\"name\":\"Home\",\"item\":\"https:\/\/www.psychologiepraktijkhonnef.nl\/site\/\"},{\"@type\":\"ListItem\",\"position\":2,\"name\":\"Aanmelden\",\"item\":\"https:\/\/www.psychologiepraktijkhonnef.nl\/site\/aanmelden\/\"},{\"@type\":\"ListItem\",\"position\":3,\"name\":\"Kosten\"}]},{\"@type\":\"WebSite\",\"@id\":\"https:\/\/www.psychologiepraktijkhonnef.nl\/site\/#website\",\"url\":\"https:\/\/www.psychologiepraktijkhonnef.nl\/site\/\",\"name\":\"\",\"description\":\"\",\"potentialAction\":[{\"@type\":\"SearchAction\",\"target\":{\"@type\":\"EntryPoint\",\"urlTemplate\":\"https:\/\/www.psychologiepraktijkhonnef.nl\/site\/?s={search_term_string}\"},\"query-input\":{\"@type\":\"PropertyValueSpecification\",\"valueRequired\":true,\"valueName\":\"search_term_string\"}}],\"inLanguage\":\"nl-NL\"}]}<\/script>\n<!-- \/ Yoast SEO plugin. -->","yoast_head_json":{"title":"Kosten -","robots":{"index":"index","follow":"follow","max-snippet":"max-snippet:-1","max-image-preview":"max-image-preview:large","max-video-preview":"max-video-preview:-1"},"canonical":"https:\/\/www.psychologiepraktijkhonnef.nl\/site\/aanmelden\/vergoeding\/","og_locale":"nl_NL","og_type":"article","og_title":"Kosten -","og_description":"VERZEKERDE ZORG Om in aanmerking te komen voor vergoeding van uw behandeling door uw zorgverzekeraar is een verwijsbrief van uw huisarts noodzakelijk. Voor iedereen die ouder is dan 18 jaar is het eigen risico van toepassing. Psychologische en psychiatrische hulp vallen onder het verplichte eigen risico (2023: minimaal \u20ac 385,- \/ maximaal \u20ac 885,-). De [&hellip;]","og_url":"https:\/\/www.psychologiepraktijkhonnef.nl\/site\/aanmelden\/vergoeding\/","article_modified_time":"2024-04-29T13:11:13+00:00","twitter_card":"summary_large_image","twitter_misc":{"Geschatte leestijd":"3 minuten"},"schema":{"@context":"https:\/\/schema.org","@graph":[{"@type":"WebPage","@id":"https:\/\/www.psychologiepraktijkhonnef.nl\/site\/aanmelden\/vergoeding\/","url":"https:\/\/www.psychologiepraktijkhonnef.nl\/site\/aanmelden\/vergoeding\/","name":"Kosten -","isPartOf":{"@id":"https:\/\/www.psychologiepraktijkhonnef.nl\/site\/#website"},"datePublished":"2014-06-04T16:38:56+00:00","dateModified":"2024-04-29T13:11:13+00:00","breadcrumb":{"@id":"https:\/\/www.psychologiepraktijkhonnef.nl\/site\/aanmelden\/vergoeding\/#breadcrumb"},"inLanguage":"nl-NL","potentialAction":[{"@type":"ReadAction","target":["https:\/\/www.psychologiepraktijkhonnef.nl\/site\/aanmelden\/vergoeding\/"]}]},{"@type":"BreadcrumbList","@id":"https:\/\/www.psychologiepraktijkhonnef.nl\/site\/aanmelden\/vergoeding\/#breadcrumb","itemListElement":[{"@type":"ListItem","position":1,"name":"Home","item":"https:\/\/www.psychologiepraktijkhonnef.nl\/site\/"},{"@type":"ListItem","position":2,"name":"Aanmelden","item":"https:\/\/www.psychologiepraktijkhonnef.nl\/site\/aanmelden\/"},{"@type":"ListItem","position":3,"name":"Kosten"}]},{"@type":"WebSite","@id":"https:\/\/www.psychologiepraktijkhonnef.nl\/site\/#website","url":"https:\/\/www.psychologiepraktijkhonnef.nl\/site\/","name":"","description":"","potentialAction":[{"@type":"SearchAction","target":{"@type":"EntryPoint","urlTemplate":"https:\/\/www.psychologiepraktijkhonnef.nl\/site\/?s={search_term_string}"},"query-input":{"@type":"PropertyValueSpecification","valueRequired":true,"valueName":"search_term_string"}}],"inLanguage":"nl-NL"}]}},"_links":{"self":[{"href":"https:\/\/www.psychologiepraktijkhonnef.nl\/site\/wp-json\/wp\/v2\/pages\/137"}],"collection":[{"href":"https:\/\/www.psychologiepraktijkhonnef.nl\/site\/wp-json\/wp\/v2\/pages"}],"about":[{"href":"https:\/\/www.psychologiepraktijkhonnef.nl\/site\/wp-json\/wp\/v2\/types\/page"}],"author":[{"embeddable":true,"href":"https:\/\/www.psychologiepraktijkhonnef.nl\/site\/wp-json\/wp\/v2\/users\/1"}],"replies":[{"embeddable":true,"href":"https:\/\/www.psychologiepraktijkhonnef.nl\/site\/wp-json\/wp\/v2\/comments?post=137"}],"version-history":[{"count":8,"href":"https:\/\/www.psychologiepraktijkhonnef.nl\/site\/wp-json\/wp\/v2\/pages\/137\/revisions"}],"predecessor-version":[{"id":2283,"href":"https:\/\/www.psychologiepraktijkhonnef.nl\/site\/wp-json\/wp\/v2\/pages\/137\/revisions\/2283"}],"up":[{"embeddable":true,"href":"https:\/\/www.psychologiepraktijkhonnef.nl\/site\/wp-json\/wp\/v2\/pages\/1841"}],"wp:attachment":[{"href":"https:\/\/www.psychologiepraktijkhonnef.nl\/site\/wp-json\/wp\/v2\/media?parent=137"}],"curies":[{"name":"wp","href":"https:\/\/api.w.org\/{rel}","templated":true}]}}